{"id":14823,"date":"2023-11-13T04:25:06","date_gmt":"2023-11-13T04:25:06","guid":{"rendered":"https:\/\/galenica.cl\/english\/?post_type=product&#038;p=14823"},"modified":"2023-12-07T04:11:17","modified_gmt":"2023-12-07T04:11:17","slug":"aminex-hplc-columns","status":"publish","type":"product","link":"https:\/\/galenica.cl\/english\/product\/aminex-hplc-columns\/","title":{"rendered":"Aminex HPLC Columns"},"content":{"rendered":"<div id=\"cmsmasters_row_\" class=\"cmsmasters_row cmsmasters_color_scheme_default cmsmasters_row_top_default cmsmasters_row_bot_default cmsmasters_row_boxed\">\n<div class=\"cmsmasters_row_outer_parent\">\n<div class=\"cmsmasters_row_outer\">\n<div class=\"cmsmasters_row_inner\">\n<div class=\"cmsmasters_row_margin\">\n<div id=\"cmsmasters_column_\" class=\"cmsmasters_column one_first\">\n<div class=\"cmsmasters_column_inner\"><div class=\"cmsmasters_text\">\n<p>\nContamos con columnas de HPLC Aminex de Bio \u2013 Rad, las cuales son un est\u00e1ndar de la industria para el an\u00e1lisis de carbohidratos, \u00e1cidos y bases org\u00e1nicos y otras mol\u00e9culas org\u00e1nicas peque\u00f1as basadas en la partici\u00f3n moderada por iones<\/p>\n<p>Models available:<br \/>\n\u2022Aminex Carbohydrate Analysis Columns<br \/>\n\u2022Aminex organic acids and alcohols analysis columns<\/p>\n<\/div>\n<\/div><\/div>\n<\/div>\n<\/div>\n<\/div>\n<\/div>\n<\/div>\n\n","protected":false},"excerpt":{"rendered":"<p>Contamos con columnas de HPLC Aminex de Bio \u2013 Rad, las cuales son un est\u00e1ndar de la industria para el an\u00e1lisis de carbohidratos, \u00e1cidos y bases org\u00e1nicos y otras mol\u00e9culas org\u00e1nicas peque\u00f1as basadas en la partici\u00f3n moderada por iones.<\/p>\n<button data-id=\"14544\" data-post_id=\"14823\" data-form_style=\"1\" data-allow_outside_click=\"1\" data-width=\"500px\" class=\"wpb-pcf-form-fire wpb-pcf-btn-large wpb-pcf-btn wpb-pcf-btn-default\">More information<\/button>\n","protected":false},"featured_media":14838,"comment_status":"closed","ping_status":"closed","template":"","meta":{"content-type":""},"product_cat":[122,71],"product_tag":[157],"class_list":["post-14823","product","type-product","status-publish","has-post-thumbnail","hentry","product_cat-proteins","product_cat-biotechnology","product_tag-bio-rad"],"_links":{"self":[{"href":"https:\/\/galenica.cl\/english\/wp-json\/wp\/v2\/product\/14823","targetHints":{"allow":["GET"]}}],"collection":[{"href":"https:\/\/galenica.cl\/english\/wp-json\/wp\/v2\/product"}],"about":[{"href":"https:\/\/galenica.cl\/english\/wp-json\/wp\/v2\/types\/product"}],"replies":[{"embeddable":true,"href":"https:\/\/galenica.cl\/english\/wp-json\/wp\/v2\/comments?post=14823"}],"wp:featuredmedia":[{"embeddable":true,"href":"https:\/\/galenica.cl\/english\/wp-json\/wp\/v2\/media\/14838"}],"wp:attachment":[{"href":"https:\/\/galenica.cl\/english\/wp-json\/wp\/v2\/media?parent=14823"}],"wp:term":[{"taxonomy":"product_cat","embeddable":true,"href":"https:\/\/galenica.cl\/english\/wp-json\/wp\/v2\/product_cat?post=14823"},{"taxonomy":"product_tag","embeddable":true,"href":"https:\/\/galenica.cl\/english\/wp-json\/wp\/v2\/product_tag?post=14823"}],"curies":[{"name":"wp","href":"https:\/\/api.w.org\/{rel}","templated":true}]}}